 = -3*c(o) + 2*k(o). Is f(6) a prime number?
False
Suppose -5*g - 4 + 12 = 3*a, a + 4 = 5*g. Let j = g + 10. Suppose -j = -4*v + 17. Is v prime?
True
Let g(f) = 528*f**3 + 2*f**2 - 2*f - 1. Is g(2) prime?
False
Suppose -3898 = -2*y - 5*n, 0 = 2*y + 12*n - 17*n - 3858. Is y a prime number?
False
Let m be (-8)/6*1/((-4)/258). Suppose 0 = 4*a - 0*a + 124. Let j = m + a. Is j a composite number?
True
Suppose 15405 = 3*s - 16371. Let c be (-8)/(-20) - s/(-20). Suppose -4*f + 3*d = -c, 5*f - 3*d - 129 = 532. Is f composite?
False
Let a(f) = f**3 + 3*f**2 - f + 1. Let w be a(-3). Let g = 8 - w. Suppose 359 - 987 = -g*o. Is o a prime number?
True
Let m(z) = -z**2 + 44*z + 26. Is m(38) prime?
False
Let h be (-19)/(-114) - 61*1/6. Is 5*h/(-25) + 707 prime?
True
Let a = -84 + 114. Suppose -19045 = -a*h + 25*h. Is h composite?
True
Suppose 4 = 2*r, 5*v - r = 1323 - 3805. Suppose -3*x + 5*u = -2935, u - 2933 = -3*x + 5*u. Let b = v + x. Is b prime?
True
Let o = 11 - 7. Suppose o*c = y - 42, y - 32 = 4*c + 5*y. Is (-1893)/(-5) + (-4)/c composite?
False
Let u = 5413 - -7246. Is u composite?
False
Let v = -1218 - -3644. Suppose 4*z = -110 - v. Is z*(-3 - -2) + 1 a prime number?
False
Suppose 4*k - 8 = 92. Let a be (3/2 - -3)*4. Suppose a = b - k. Is b a prime number?
True
Let x = 349 + 550. Is x composite?
True
Let b be (3/9)/(3/(-45)). Let r be 0/b + (-4)/(-2). Suppose -r*z + 10 = 0, f + 4*z = 4*f - 658. Is f composite?
True
Is (-15)/6*2*(-38132)/20 prime?
True
Suppose 5*l - 118 = 4*s - 7012, 3*s - 4*l = 5171. Is s prime?
True
Suppose -8 = -5*p + 4*p. Suppose 45 = -p*n + 133. Is n composite?
False
Let v(t) = 18*t - 2. Let l(x) = -x. Let f(q) = -8*l(q) - v(q). Let z be (-11)/2 + 3/(-6). Is f(z) composite?
True
Suppose 0 = -3*v + v + 1062. Let d be (-1)/5 - v/(-5). Let o = d - 73. Is o prime?
False
Let z = 1671 - -988. Is z composite?
False
Let r = 944 + -553. Suppose -49 - 105 = -2*v + c, -r = -5*v + c. Suppose -o + 2*o = v. Is o composite?
False
Let g(k) = -k**2 - k + 116. Let z be g(0). Let r = -71 + z. Suppose -7*p = -r - 4. Is p prime?
True
Suppose 2*a - 3058 = 450. Is a prime?
False
Suppose 4*u = 7*u + 2*c - 12154, 5*u - 20266 = -c. Is u prime?
False
Let a = 2803 - 286. Is a a prime number?
False
Let b(s) = -12*s - 11. Let j(m) = -6*m - 5. Let o(u) = 2*b(u) - 5*j(u). Let d be o(-2). Let y(l) = -l**3 - 7*l**2 + l + 10. Is y(d) prime?
True
Suppose 22 + 33 = 3*g - 4*n, -70 = -3*g + n. Suppose 21 + g = 2*s. Is s composite?
False
Let d be (-7)/((-14)/(-6)) - -7. Suppose 2*g + 8 = 2*k - d, -2*k = 6. Let u(t) = -t + 14. Is u(g) prime?
True
Let j = -13 - -15. Let w be (-150)/1 - (j - -1). Let k = -86 - w. Is k a composite number?
False
Let p(t) = -7*t + 32. Let h be p(-24). Suppose 4*m = -2*n + 228, 2*n - 2*m = m + h. Is n a prime number?
False
Is (7115 - 1)*65/130 a composite number?
False
Is 8/((-240)/91122)*-5 a prime number?
True
Suppose 9*k + 665 + 523 = 0. Let v = -43 - k. Is v composite?
False
Let v be 106609/57 - (-2)/(-6). Suppose 2*l - 4*d - 944 = -2*d, -4*l = 2*d - v. Is l a composite number?
True
Let k = -43601 - -63648. Is k a composite number?
False
Suppose 0 = 5*h - 3*v - 10566 + 1396, -h + 1847 = 2*v. Is h a composite number?
True
Let x be 2/4*(-168)/(-2). Let u = x + 137. Is u composite?
False
Let a(f) = 1262*f**2 - 41*f - 77. Is a(-2) prime?
False
Suppose -d = o + 3, 4*d - 3 = -5*o - 18. Is ((-5)/o)/((-2)/(-12)) composite?
True
Let l(j) = j**3 + 5*j**2 - 4. Let v be l(-4). Suppose v = 3*s - 3. Suppose 4*f + 0*f - s*c = 2717, -3*f - 2*c = -2055. Is f a prime number?
True
Suppose 2*j + 753 = 5*s, s + 0*s + 2*j - 153 = 0. Let q = s + 315. Is q a composite number?
True
Suppose -2*s + 3*l + 30593 = -2486, 2*l + 82681 = 5*s. Is s a prime number?
False
Let g(u) = u**3 + u. Let m(w) = 7*w**3 + 7*w - 339. Let i(t) = 6*g(t) - m(t). Is i(0) prime?
False
Let f = -8386 + 19532. Is f a composite number?
True
Suppose s - 16 - 1 = 0. Let g = s + -13. Let q(y) = 2*y**3 - 2*y**2 - 3*y - 1. Is q(g) composite?
False
Let h(b) = -322*b + 12. Let v be h(-5). Suppose 0*l - l - w + 811 = 0, 3*w - v = -2*l. Is l a prime number?
True
Let n be (2/(-4) + 2)/(8/16). Suppose -12 = -n*k, -4*k = -4*d + 3979 + 1865. Is d prime?
False
Let v(j) = -83*j + 273. Is v(-40) a composite number?
False
Let p = 26 + -15. Let m(t) = -t**2 + 12*t - 15. Let k be m(p). Is ((-13)/(-3) + k)*435 composite?
True
Suppose -i - 3 - 1 = 0. Suppose 4912 = 5*s - s. Is ((-2)/i)/(2/s) composite?
False
Suppose 5*k + 8105 = 5*d + 33705, 0 = 5*k + 2*d - 25621. Suppose 5892 + k = 5*o. Is o prime?
True
Suppose 0 = 2*f - 6 - 4. Let x(n) = 3*n**2 + 5*n - 3. Is x(f) composite?
False
Let s = 3 - -12. Let g be (-3)/s - (-3955)/25. Suppose -g = 4*l - 6*l. Is l a prime number?
True
Let d be (-2)/3 - (-1157)/3. Let a be 3/6 + (-244)/16*10. Let j = d + a. Is j prime?
True
Let r(m) = 45*m + 26. Let z(j) = -j + 1. Let v(q) = -r(q) + 3*z(q). Is v(-8) a prime number?
False
Suppose 7*w + 1364 = 3*q + 3*w, -5*w + 423 = q. Let z = 3481 - q. Is (-1)/5 + z/15 a composite number?
True
Suppose 137*b - 142*b = -2*p - 633897, -5*p + 126801 = b. Is b a prime number?
True
Is (190553/55 + -3)*(-15)/(-6) composite?
True
Suppose -i = -4*u + 106, -4*u + 145 = 2*i + 33. Let f(p) = -60*p + 4 + u*p - 36*p. Is f(-3) prime?
True
Suppose d - 5*l - 28 = 0, -4*d - 4*l - l = 13. Suppose 3*m = -5*h + 79, -d*h - h + 92 = 4*m. Let x = m - -205. Is x prime?
True
Let f = 9 + 145. Suppose 2*g - f - 280 = 0. Is g a prime number?
False
Let s = 2058 + 3413. Is s prime?
True
Is 19837224/192 - 5/(-40) composite?
False
Suppose 2*t = l + l - 12, l = -5*t - 6. Suppose -3*m = -l*q - 44 - 38, -2*m + 4*q + 60 = 0. Is m prime?
False
Is 3/7 - 244060/(-70) a prime number?
False
Let b(p) be the second derivative of -7*p**5/2 - p**4/6 - p**3/2 - p**2/2 + 32*p. Is b(-2) composite?
False
Let g(y) = -2*y - 21. Let o be g(-9). Let k(f) = -7*f**2 - 3*f - 4. Let t be k(o). Let w = t + 125. Is w prime?
True
Let r(w) = 2*w - 3*w + 7 + 11*w**2 - 4*w**2 - 6*w**2 + 10*w**3. Is r(5) a prime number?
True
Let q be 51/18 + (-1)/(-6). Let u be (-2 - -2) + (q - 3). Suppose -4*v + 111 + 13 = u. Is v prime?
True
Suppose -122 = 7*g - 38. Let i be (g/(-9))/((-5)/(-720)). Let c = i - 135. Is c prime?
False
Let t(i) = -3725*i - 1. Let k be t(1). Let w = k - -12493. Is w prime?
False
Let w = -14 + 17. Suppose 4*y + 3*i = 5*y - 449, -3*y + 1383 = w*i. Is y a composite number?
True
Let q(r) = 71*r + 3. Suppose 0 = 4*s - 2*v, 0*s + 2*v - 16 = -4*s. Is q(s) composite?
True
Let m(z) = 62*z - 1. Let r(x) = -123*x + 3. Let u(t) = -13*m(t) - 6*r(t). Is u(-23) composite?
False
Is 56774*50/(-60)*-3 a composite number?
True
Let j = -7 + 9. Let w be j + 2*(2 - 1). Is 0 - w*(-142)/4 prime?
False
Let n(r) = 77*r - 115. Is n(6) prime?
True
Suppose -6*o = -o - 20. Suppose -4*d + o*t = -1872, -1050 - 1270 = -5*d + t. Is d composite?
False
Suppose f = -4*g - 8, -g - 5*f - 22 = -1. Let b be ((-4)/(-8))/((-2)/(-1*4)). Is 1116 + b/(g - -2) a composite number?
False
Let u(j) = -j**3 - 6*j + 4 - 5 - 4*j**2 - 4. Let n be u(-3). Is (223/n)/(1/4) prime?
True
Suppose -m + 2301 = 5*d - 1899, 2*d + m - 1683 = 0. Is d composite?
False
Let k(j) = 138*j**2 + 39*j - 4. Is k(5) prime?
False
Let h = -45 - -84. Let x = 36 - h. Let i(q) = -6*q**3 - q**2 + 5*q + 4. Is i(x) composite?
True
Let t be -3 - (-2 - 0) - -740. Let i = t - 392. Is i a prime number?
True
Let t = -43 + 17. Let b = -26 - t. Suppose 0 = -b*n + 2*n + 4*o - 134, -5*o = 5*n - 330. Is n prime?
False
Let p be 12/(-3)*(-1 + 0). Suppose -5*u + d = -15, 15 = -u + 6*u - p*d. Suppose 0 = 6*v - u*v - 129. Is v composite?
False
Suppose -4*v + 7 = -17. Suppose -v*s - 4752 + 21414 = 0. Is s prime?
True
Let y = 8 - 5. Suppose 15*b = 3*b + 168. Is 1477/b*(y + -1) a composite number?
False
Suppose -13*q + 130 + 65 = 0. Let d(w) = 4*w**2 - 22*w + 17. Is d(q) a prime number?
True
Suppose -10 - 1 = -5*o - b, -3*b = -2*o + 18. Suppose -p - 162 = -o*p. Suppose -114 = -5*a + p. Is a a composite number?
True
Let a(n) = 163*n - 133. Is a(30) a prime number?
False
Let h = 19 - 23. Is 6/(h + (-44)/(-10)) composite?
True
Suppose 2*b + 5*k - 10414 = 3960, b - 7187 = 3*k. Is b a prime number?
True
Let k(l) = 5 - 11*l**2 - 9*l - 19 - 6*l - 2 - l**3. Is k(-11) a prime number?
True
Le